v*p. What is the units digit of p?
4
Suppose 8*n - 184 = 144. Suppose 2*z - n - 75 = 0. What is the units digit of z?
8
Let v(a) = -14*a + 738. What is the tens digit of v(0)?
3
Let k be (-55)/(-10) + (-3)/6. Suppose -k*z + 10 = -20. Let s(b) = 5*b - 14. What is the tens digit of s(z)?
1
Suppose -32 = -4*x + 3*x. Let r = x + -18. Let k = r - 11. What is the units digit of k?
3
Let b(l) = l. Suppose -2*d + 2 = 2*x, 17 = -x + 6*x + d. Let h be x/14 + (-178)/(-14). What is the tens digit of b(h)?
1
Let n = 4028 + -1644. What is the hundreds digit of n?
3
Suppose -2*r + 0*r + 24 = 0. Suppose 11*h + 49 = r*h. What is the units digit of h?
9
Let o = 39 - 33. Let g(r) = -r**3 + 6*r**2 - 4*r - 8. Let a be g(o). Let w = -30 - a. What is the units digit of w?
2
Let q(i) = 4*i**3 - i**2 + 1. Let s be q(-1). Let n be 7*(68/(-14) - s). Let w = 17 + n. What is the units digit of w?
1
Suppose 19*a - 15*a - 2736 = 0. What is the tens digit of a?
8
Suppose 0 = -3*i - 2*i - 415. Let h = i - -157. What is the units digit of h?
4
Let d be -16*(-3 + 4)/1. Let x be (-4)/d + (-21)/(-12). Suppose x = a - 3. What is the units digit of a?
5
Let v = 486 + 938. What is the tens digit of v?
2
Suppose 4*d - 2*d - 72 = 0. Suppose 0 = 3*s + n + 40, 3*s + 14 = 4*n - d. What is the tens digit of 4/s + 848/28?
3
Let q = 21 - 24. What is the units digit of (148/(-14))/(q/21)?
4
Suppose -22*j = 9*j - 14849. What is the units digit of j?
9
Suppose 16*f - 2 = 15*f. Suppose -f*o = 37 - 141. What is the units digit of o?
2
Let z(g) = -g**3 + 10*g**2 - 9*g + 3. Let m be z(9). Suppose -314 = -4*l + 550. Suppose d + m*d = l. What is the tens digit of d?
5
What is the thousands digit of 1090 + 0 + (-18 - -9) + 13?
1
Let n be 3/(-5) + (-3 - 81/15). Let a(k) = 5*k + 49. What is the units digit of a(n)?
4
Let s(w) = 10*w**2 + 6*w - 5. Let p be s(2). Let g = p + -16. What is the tens digit of g?
3
Suppose 16*c - 8859 = 2789. What is the tens digit of c?
2
What is the units digit of (2/13 + (-17)/26)*-2922?
1
Let s(g) = -g**3 - 5*g**2 - 12. Let i be s(-5). Let t(l) = 2*l - 5. Let f be t(-7). Let m = i - f. What is the units digit of m?
7
Suppose -x = -t + 1034 + 474, -5*t + 7556 = -x. What is the units digit of t?
2
Suppose 2*o - 152 = 5*f, 29 = o + 4*f - 21. What is the tens digit of o?
6
Let s be (-9)/((-18)/(-8)) - -38. What is the tens digit of s/(-12)*-20 + (-4)/6?
5
Suppose -26*y - 1432 = -30*y. What is the units digit of y?
8
Suppose -2*x - u = -3*x + 6, 0 = 4*u + 16. Suppose 0 = 3*h - x*h - 36. What is the tens digit of h?
3
Let b be (510/(-25))/(6/20). Let t = -33 - b. What is the tens digit of t?
3
Let n be (-9)/4*16/4. Let o = n + 4. What is the units digit of o/(-2)*(-16)/(-10)?
4
Suppose -5*j + 6*m + 1864 = 3*m, -4*m + 1843 = 5*j. Suppose 2*s - 109 = -a, 5*a - 4*s - j = 202. What is the hundreds digit of a?
1
Let j = -4 - 41. What is the tens digit of 544/3 + 15/j?
8
What is the units digit of (-4)/(-14) - ((-51984)/42 + -2)?
0
Suppose 4*x = -x - 15. Let c(i) = -i**3 - 4*i**2 - 2*i + 2. Let z be c(x). Let f = 7 + z. What is the units digit of f?
6
What is the tens digit of (0 - 1) + (8 - -977) + -9?
7
Let b be (-4 + 22/4)*-12. Let g = -25 - b. Let m = g + 11. What is the units digit of m?
4
Let s = 1048 + -668. What is the hundreds digit of s?
3
Suppose 0*i = -i - 4*a + 6, -3*i + 3*a = -18. Let y(k) = k**3 + k**2 - 5*k + 6. What is the tens digit of y(i)?
2
Let l be (-5 - -4) + 5 + -2. Let i be (-8)/(-6)*81/l. Suppose -i = -3*v - 3*n, -3*v - 4*n + 59 = -2*n. What is the units digit of v?
3
Let y(j) = 351*j**2 + 3*j + 1. What is the units digit of y(-1)?
9
Let b(t) = 2*t**2 + 7*t + 115. Let j(h) = -h**2 - 3*h - 57. Let f(w) = -3*b(w) - 7*j(w). What is the tens digit of f(0)?
5
Let z(h) = h**2 + h + 31. Let k be z(0). Suppose -3*j = i - k, j = -i + 3*j + 31. What is the units digit of i?
1
What is the units digit of 62825/85 + 18/(-153)?
9
Suppose -j + 1307 + 800 = -3*t, 0 = 3*j - 5*t - 6313. What is the tens digit of j?
0
Suppose 12*h - 853 = -145. What is the tens digit of h?
5
Let c(l) be the third derivative of l**4/8 + 10*l**3/3 + 7*l**2. What is the tens digit of c(3)?
2
Suppose 8811 + 20043 = 14*g. What is the tens digit of g?
6
Let l = 995 - 505. What is the units digit of l?
0
Suppose -4*i = 4*r, 2*r - i + 12 = -r. Let l = 3 + r. What is the tens digit of 48 + -4 + (l - -3)?
4
Suppose r + 24 = 5*r. Suppose 5*y - 5*f - 101 = -r*f, 2*y - 4*f = 36. What is the units digit of y?
0
What is the units digit of ((-324)/432)/(((-9)/(-1388))/(-3))?
7
Let i(n) = 3*n + 3 + 0 + n**3 - 4 + 4*n**2 - n. Let l be i(-3). Suppose 3*d = -s + 4*s - 12, -5*d = -l*s - 1. What is the units digit of s?
7
Let y(j) = j**2 - 4*j - 7. Let a be y(6). Let x(b) = 4*b**2 - 4*b + 1. What is the units digit of x(a)?
1
Let n(t) = 18*t**2 + 29*t + 1. What is the tens digit of n(-8)?
2
Suppose -3*j + 35 = 44. What is the units digit of (134 + j - 4) + 2?
9
Let d(r) be the first derivative of 11*r**2/2 - 12*r - 5. What is the tens digit of d(5)?
4
Let d(f) = 3*f**3 - 6*f**2 + 5*f. What is the tens digit of d(5)?
5
Suppose 7 = 3*x - 8. Suppose -5*i + v = -791, -9*i + 6*i + x*v + 479 = 0. What is the hundreds digit of i?
1
Let d(x) be the third derivative of x**6/120 - x**5/15 + x**3/3 - 8*x**2. Let i be d(5). Suppose -2*a + 13 = -i. What is the units digit of a?
0
Suppose -5*y = w - 2*y + 6, 0 = 5*w + 5*y + 60. What is the units digit of 2/(-6) - (3 - (-3005)/w)?
7
Let j(k) = -k**2 - 18*k + 6. Let w = 62 + -73. What is the tens digit of j(w)?
8
Let j = 4251 - -115. What is the hundreds digit of j?
3
Let c(v) = -v**3 + 14*v**2 - 17*v + 14. Let y be 8*(30/(-4))/(-5). Let z be c(y). Suppose 2*q = 4*o - 146, -2*o - 3*q + z = q. What is the units digit of o?
9
Let o be (-8)/(-12)*759/2. Suppose 3*p + 44 = z, 5*z - o = 6*p - 2*p. Suppose -n - 3*q = -7, -2*n - q + z = n. What is the tens digit of n?
1
Suppose 8*n = 3*n - z + 13178, 4*n + z = 10542. What is the units digit of n?
6
Let x be (1/(-1) - 2) + 1. Let a be ((-35)/(-14))/(x/(-4)). Suppose -5*j = -2*j - 2*d - 157, -j + 24 = a*d. What is the units digit of j?
9
Suppose 178 = -836*o + 837*o. What is the tens digit of o?
7
Let b be (-4 + 0)*11/(-44). What is the tens digit of (-2032)/(-20)*b - 12/20?
0
Suppose -4*q = b - 16, 4*b + q = -q + 8. Suppose b = 7*x - 295 - 314. What is the units digit of x?
7
What is the units digit of (-1)/(7/((-49)/14))*774?
7
Let g = 71 + -68. Suppose 105 = z - g*p, p = -z + 5*p + 105. What is the tens digit of z?
0
What is the thousands digit of (7230/(-9))/((-94)/(-12) - 8)?
4
Let f be -4 - 2*2/(-4). Let a be 28 - (f + 0) - 2. Suppose 2*z - 11 - a = 0. What is the units digit of z?
0
Let n(y) be the first derivative of y**4/4 - 5*y**3/3 + 3*y**2 - 2*y - 7. Let b be n(4). Let w = 22 - b. What is the units digit of w?
6
Suppose 34*b = 15*b + 13414. What is the units digit of b?
6
Let z(k) be the second derivative of 1/2*k**3 + 0 - 3*k**2 + 1/12*k**4 - 4*k. What is the units digit of z(-6)?
2
Let z(d) = d**3 - 4*d**2 - 5*d + 6. Let q be z(5). Suppose -4*i = -5*u + 327, -3*i = -i + q. What is the tens digit of u?
6
What is the units digit of 2766/9 + (-10)/(-2 - -32)?
7
Let q = 43 - 43. Suppose -i + 105 - 18 = q. What is the units digit of i?
7
Let m(w) = -w**3 - 14*w**2 - 7*w + 25. Let k be m(-14). Let n = k + -77. What is the units digit of n?
6
Suppose 2*o - 17*x = -21*x + 1484, -o + 733 = 5*x. What is the units digit of o?
8
Let k(x) = 28*x - 2 - 14 + 2. What is the units digit of k(5)?
6
Suppose -h = 3*a - 23, -2*h + 5*h - 3*a = 57. Let r = 22 - h. Let z = 67 + r. What is the tens digit of z?
6
Suppose -4*x + 1694 = y, 0*x - 5*y = 4*x - 1702. Suppose 14*o = -87 + x. What is the units digit of o?
4
Let q(p) = p**2 - 9*p + 11. Let h be q(8). Suppose -h*j - 2*g = -8*j + 218, 4*j + 2*g = 178. What is the units digit of j?
4
Let w = 2 + -12. Let m = -17 - w. Let b = 28 + m. What is the units digit of b?
1
What is the tens digit of ((-1395)/(-90))/(1/2)?
3
Suppose -4*b + 0*b = 60. Let k = -11 - b. Suppose 2*r = 4*y + 15 + 93, 0 = -k*r - 5*y + 177. What is the units digit of r?
8
Let y = 8 + 40. Let f be y/15 + 4/(-20). Suppose 2*h = -h + f. What is the units digit of h?
1
What is the thousands digit of ((-2136)/(-16) - -1)*8?
1
Let u